94 is divided by 25.
19
Calculate the remainder when 212 is divided by 43.
40
Calculate the remainder when 195 is divided by 93.
9
Calculate the remainder when 578 is divided by 29.
27
Calculate the remainder when 823 is divided by 15.
13
What is the remainder when 611 is divided by 267?
77
What is the remainder when 1280 is divided by 107?
103
What is the remainder when 749 is divided by 94?
91
What is the remainder when 765 is divided by 32?
29
What is the remainder when 51 is divided by 6?
3
Calculate the remainder when 190 is divided by 28.
22
Calculate the remainder when 357 is divided by 163.
31
What is the remainder when 92 is divided by 18?
2
What is the remainder when 1327 is divided by 439?
10
Calculate the remainder when 90 is divided by 38.
14
Calculate the remainder when 12666 is divided by 7.
3
What is the remainder when 11996 is divided by 200?
196
Calculate the remainder when 1111 is divided by 547.
17
What is the remainder when 59 is divided by 3?
2
What is the remainder when 276 is divided by 40?
36
What is the remainder when 1251 is divided by 22?
19
Calculate the remainder when 324 is divided by 44.
16
Calculate the remainder when 3344 is divided by 30.
14
Calculate the remainder when 191 is divided by 20.
11
Calculate the remainder when 28311 is divided by 13.
10
What is the remainder when 604 is divided by 300?
4
Calculate the remainder when 636 is divided by 22.
20
What is the remainder when 536 is divided by 86?
20
Calculate the remainder when 279 is divided by 8.
7
Calculate the remainder when 842 is divided by 334.
174
Calculate the remainder when 154 is divided by 28.
14
Calculate the remainder when 167 is divided by 28.
27
What is the remainder when 302 is divided by 34?
30
Calculate the remainder when 517 is divided by 13.
10
What is the remainder when 502 is divided by 101?
98
What is the remainder when 691 is divided by 22?
9
What is the remainder when 246 is divided by 77?
15
What is the remainder when 157 is divided by 18?
13
Calculate the remainder when 372 is divided by 33.
9
Calculate the remainder when 32299 is divided by 291.
289
Calculate the remainder when 83 is divided by 62.
21
Calculate the remainder when 266 is divided by 126.
14
What is the remainder when 521 is divided by 29?
28
What is the remainder when 123 is divided by 14?
11
Calculate the remainder when 171 is divided by 45.
36
Calculate the remainder when 647 is divided by 27.
26
What is the remainder when 216 is divided by 119?
97
What is the remainder when 2780 is divided by 27?
26
Calculate the remainder when 450 is divided by 223.
4
What is the remainder when 90 is divided by 31?
28
Calculate the remainder when 915 is divided by 34.
31
Calculate the remainder when 1928 is divided by 138.
134
Calculate the remainder when 57 is divided by 21.
15
Calculate the remainder when 2091 is divided by 6.
3
What is the remainder when 236 is divided by 65?
41
What is the remainder when 402 is divided by 23?
11
What is the remainder when 12623 is divided by 118?
115
What is the remainder when 411 is divided by 52?
47
What is the remainder when 360 is divided by 126?
108
What is the remainder when 15671 is divided by 37?
20
Calculate the remainder when 152 is divided by 13.
9
What is the remainder when 69 is divided by 10?
9
What is the remainder when 490 is divided by 231?
28
What is the remainder when 4462 is divided by 95?
92
What is the remainder when 529 is divided by 53?
52
Calculate the remainder when 895 is divided by 50.
45
Calculate the remainder when 1537 is divided by 15.
7
Calculate the remainder when 2431 is divided by 38.
37
Calculate the remainder when 3483 is divided by 32.
27
Calculate the remainder when 144 is divided by 30.
24
Calculate the remainder when 178 is divided by 6.
4
Calculate the remainder when 16047 is divided by 13.
5
Calculate the remainder when 1218 is divided by 88.
74
What is the remainder when 73 is divided by 8?
1
What is the remainder when 203 is divided by 56?
35
What is the remainder when 1182 is divided by 91?
90
What is the remainder when 1399 is divided by 117?
112
What is the remainder when 18036 is divided by 17?
16
Calculate the remainder when 768 is divided by 70.
68
Calculate the remainder when 1398 is divided by 20.
18
What is the remainder when 3920 is divided by 36?
32
Calculate the remainder when 173 is divided by 28.
5
Calculate the remainder when 3104 is divided by 13.
10
Calculate the remainder when 324 is divided by 113.
98
What is the remainder when 724 is divided by 26?
22
What is the remainder when 166 is divided by 72?
22
What is the remainder when 220 is divided by 75?
70
Calculate the remainder when 918 is divided by 40.
38
Calculate the remainder when 109 is divided by 23.
17
Calculate the remainder when 354 is divided by 94.
72
What is the remainder when 142 is divided by 72?
70
Calculate the remainder when 47 is divided by 45.
2
What is the remainder when 795 is divided by 25?
20
Calculate the remainder when 25 is divided by 14.
11
Calculate the remainder when 104 is divided by 37.
30
What is the remainder when 94 is divided by 6?
4
Calculate the remainder when 165 is divided by 6.
3
What is the remainder when 1185 is divided by 248?
193
Calculate the remainder when 327 is divided by 85.
72
Calculate the remainder when 1417 is divided by 139.
27
Calculate the remainder when 691 is divided by 114.
7
Calculate the remainder when 210 is divided by 45.
30
What is the remainder when 1851 is divided by 103?
100
What is the remainder when 224 is divided by 57?
53
Calculate the remainder when 16 is divided by 9.
7
What is the remainder when 142 is divided by 5?
2
Calculate the remainder when 79 is divided by 3.
1
What is the remainder when 273 is divided by 26?
13
Calculate the remainder when 204 is divided by 23.
20
Calculate the remainder when 114 is divided by 27.
6
Calculate the remainder when 220 is divided by 114.
106
What is the remainder when 330 is divided by 56?
50
What is the remainder when 1651 is divided by 29?
27
What is the remainder when 240 is divided by 78?
6
What is the remainder when 126 is divided by 83?
43
Calculate the remainder when 1070 is divided by 134.
132
What is the remainder when 3778 is divided by 14?
12
Calculate the remainder when 1268 is divided by 41.
38
Calculate the remainder when 17 is divided by 11.
6
Calculate the remainder when 1354 is divided by 36.
22
Calculate the remainder when 1233 is divided by 179.
159
Calculate the remainder when 285 is divided by 26.
25
Calculate the remainder when 1025 is divided by 204.
5
Calculate the remainder when 72 is divided by 27.
18
What is the remainder when 1219 is divided by 388?
55
What is the remainder when 267 is divided by 38?
1
What is the remainder when 330 is divided by 35?
15
What is the remainder when 147 is divided by 139?
8
What is the remainder when 613 is divided by 41?
39
Calculate the remainder when 101 is divided by 26.
23
What is the remainder when 8930 is divided by 44?
42
What is the remainder when 333 is divided by 159?
15
Calculate the remainder when 720 is divided by 56.
48
What is the remainder when 197 is divided by 21?
8
What is the remainder when 205 is divided by 74?
57
Calculate the remainder when 2199 is divided by 4.
3
What is the remainder when 2284 is divided by 1140?
4
Calculate the remainder when 3037 is divided by 49.
48
What is the remainder when 220 is divided by 45?
40
Calculate the remainder when 6644 is divided by 266.
260
What is the remainder when 64 is divided by 4?
0
Calculate the remainder when 43 is divided by 10.
3
What is the remainder when 54 is divided by 14?
12
Calculate the remainder when 343 is divided by 119.
105
What is the remainder when 159 is divided by 68?
23
What is the remainder when 49 is divided by 37?
12
What is the remainder when 160 is divided by 43?
31
What is the remainder when 490 is divided by 161?
7
Calculate the remainder when 2191 is divided by 219.
1
Calculate the remainder when 370 is divided by 50.
20
What is the remainder when 534 is divided by 175?
9
What is the remainder when 2679 is divided by 40?
39
What is the remainder when 582 is divided by 123?
90
Calculate the remainder when 4103 is divided by 34.
23
What is the remainder whe